 - 3 = -r*t. Calculate the remainder when 1 is divided by t.
0
Calculate the remainder when (-2 - -1) + 17 - -1 is divided by 5.
2
Suppose 0 = 5*j - 32 - 38. Calculate the remainder when 26 is divided by j.
12
What is the remainder when 0 + (-28)/(-4) + 3 is divided by 4?
2
Let a be 0 + -12 - (-5)/5. Let p = a + 5. Let y(b) = -b + 5. Calculate the remainder when 32 is divided by y(p).
10
Let q(v) = -9*v - 11. Let i be q(-10). Let n = -40 + i. What is the remainder when n is divided by 10?
9
Let n be (100/3)/(4/(-18)). Suppose 3*h - 88 + 28 = 0. Calculate the remainder when 36 is divided by n/(-8) - (-5)/h.
17
Suppose 4*f - 13 = 19. Suppose -d - 2*u = -u - 2, 0 = u + 4. Suppose w + w = d. What is the remainder when f is divided by w?
2
Let a(b) = -5*b**3 + b**2 + 4*b - 3. Let t be a(2). Let k = 15 - t. Calculate the remainder when k is divided by 1/(-4) + (-65)/(-4).
14
Let n = -5 - -10. Let q = 27 + -15. What is the remainder when q is divided by n?
2
Let t(g) = g**2 + 13*g - 7. Calculate the remainder when 25 is divided by t(-14).
4
Let d(b) = -4*b - 9. Suppose 5*l = 4*h + 4, 3*l - 1 = -5*h + 31. Suppose 39 = g + 5*f, l*g + 2*f - 124 = -4. Calculate the remainder when g is divided by d(-6).
14
Let x(k) = k**2 - k - 2. Calculate the remainder when x(-2) is divided by (-2)/(-6) + (-80)/(-30).
1
Let h = 102 + -21. Suppose -5*t = -5*l - h - 74, 3*t + 4*l - 93 = 0. What is the remainder when t is divided by 11?
9
Suppose 4*s - j = -3*j + 24, 4*s - 2*j - 16 = 0. What is the remainder when 28 is divided by s?
3
Let y(u) = 0 + 10 + 4 - u. Let a be y(11). Suppose 2*i + a*v - 26 = 0, -i = 4*i - v - 65. What is the remainder when 37 is divided by i?
11
Let q be 40/(-6)*(-6)/(-4). Let t(f) = -f**3 - 11*f**2 - 13*f + 4. Suppose 60 = k + 4*k. What is the remainder when t(q) is divided by k?
10
Let f be -3 + 26/(-4)*4. Let i = f - -47. Suppose 2*a = 5*a - 4*t - 210, a - 70 = -3*t. What is the remainder when a is divided by i?
16
Suppose -4*c + 19 + 161 = 0. Calculate the remainder when c is divided by 24.
21
Let b(k) = -4*k - 3 - 7 + 2*k + 3*k. Let u be b(10). Suppose 4*q - 5*h - 96 = u, 7*q = 3*q - 5*h + 96. What is the remainder when q is divided by 13?
11
Suppose 4 = 2*z - 10. Suppose -5*o = 1 - 31. Let m = z - o. Calculate the remainder when m is divided by 1.
0
Let k = 68 + -42. Let j = -2 - -9. What is the remainder when k is divided by j?
5
Let s(v) = 7*v**2 - 3*v - 27. Let r(j) = j**2 + j - 1. Let b(o) = 6*r(o) - s(o). What is the remainder when 60 is divided by b(9)?
18
Let f = -4 + 5. Let n = f - -1. Suppose 4*y + n*v - 14 = -0, 3 = v. What is the remainder when y is divided by 2?
0
Suppose -12*g - 90 = -17*g. Suppose -2*k + 18 = -36. Let j = -17 + k. What is the remainder when g is divided by j?
8
Suppose -4*i - l = -132, -i - 3*l - 17 = -50. What is the remainder when i is divided by 17?
16
Suppose -2*s + 47 = 5*k, -71 = -5*k + 3*s + s. What is the remainder when 41 is divided by k?
8
Let z(h) = 3*h**2 + 6*h + 8. Calculate the remainder when 188 is divided by z(-4).
28
Suppose -53 = -4*t - 9. What is the remainder when 21 is divided by t?
10
Let d be 3*(-5)/(15/(-2)). Let u(m) = -3*m**3 + 2*m**2 + m + 2. Let c be u(d). Calculate the remainder when 22 is divided by (c + -4)*(-1)/2.
6
What is the remainder when 36 is divided by (-2 + 2 + -3)*308/(-33)?
8
What is the remainder when 2 + 2 - (6 + -5) is divided by 3?
0
Suppose 2*p + 12 = 4*h, -5*h - 5*p + p + 15 = 0. Suppose -5 = -5*u + v, 2*v - 1 - 5 = 2*u. Calculate the remainder when 9/2 - 1/u is divided by h.
1
Suppose -5*a + 5 + 30 = 0. What is the remainder when 47 is divided by a?
5
Calculate the remainder when 31 is divided by (-2)/(2/(-16) - 0).
15
Calculate the remainder when 10/15 - 32/(-6) is divided by 2.
0
Let p(t) = 2*t**2 - 35*t - 42. Calculate the remainder when 89 is divided by p(19).
14
Suppose 0 = -0*j + 2*j - 152. Suppose -16 = -q + 2*w, -72 + 212 = 5*q + 2*w. What is the remainder when j is divided by q?
24
Suppose -3*m + 6 = -0*m. Suppose -m*k + 6 = -0*k. Suppose -g + 32 = k*g. Calculate the remainder when g is divided by 5.
3
Suppose -2*g + w + 39 = -g, 82 = 3*g + 4*w. Calculate the remainder when g is divided by 18.
16
Suppose 5*b - 112 = 2*w, -2*w - 114 = -5*b + 2*w. What is the remainder when b is divided by 13?
9
Let m(z) be the second derivative of z**5/20 - 5*z**4/6 + 2*z**3/3 + z**2 - z. Let a be m(10). Let s = a + -24. What is the remainder when 35 is divided by s?
17
Let u = -10 - -16. Suppose 0 = -3*j + 2*i + 9 - 1, -2*j - 8 = 2*i. Suppose j = -2*m - 1 + 35. Calculate the remainder when m is divided by u.
5
Let n = 9 + -7. Suppose 0 = -4*o, o - 88 = -4*k - n*o. What is the remainder when k is divided by 6?
4
Let f(j) = j + 3 + j**2 - 4*j + 3. What is the remainder when f(4) is divided by 6?
4
Let b(p) = -24*p - 2. What is the remainder when b(-2) is divided by 8/(0 - 2/(-4))?
14
What is the remainder when 2/(-4)*(-1 + -151) is divided by (14/4)/(-7) - 53/(-2)?
24
Suppose -5*d - 2*j = -52, -d + 5*j = 19 - 51. Suppose 0 = -t + 3, -4*t = 2*s - t + 33. What is the remainder when (-1 + 0 + s)/(-1) is divided by d?
10
Let y(v) = -9*v - 4. What is the remainder when 55 is divided by y(-2)?
13
Let k = -2 - -8. Let s = k + 25. Suppose 33 = 5*t - 2*t. Calculate the remainder when s is divided by t.
9
Let h = 55 - 18. Calculate the remainder when h is divided by 10.
7
Let f(n) = -n**3 + 7*n**2 + 7*n - 6. Let w(u) = -u**3 + 7*u**2 + 8*u - 6. Let a(o) = -2*f(o) + 3*w(o). What is the remainder when 19 is divided by a(8)?
9
Suppose -3*d = 3*s - 8*s + 49, 4*s - 4*d = 36. Calculate the remainder when 20 is divided by -2 + 1 + 1 + s.
9
Let z(f) = 10*f - 41. Calculate the remainder when 51 is divided by z(6).
13
Let v = -75 + 41. Let l = -24 - v. What is the remainder when 18 is divided by l?
8
Suppose 176 = 3*q + 2*k, 4*k + 0*k = -3*q + 172. Calculate the remainder when q is divided by 31.
29
Suppose 0 = p - 3*l - 21 - 18, 2*l - 14 = -p. Let z(o) = o**3 + 4*o**2 - o. Let f be z(-4). Suppose f*i - 4 = p. What is the remainder when 13 is divided by i?
6
Let f be ((-2)/(-4))/(3/(-36)). Let p(h) = -h - 4 - 4*h + 3*h. Calculate the remainder when 21 is divided by p(f).
5
Suppose -4 = 2*q, -5*p + 0*q = 3*q + 76. Let a = -11 - p. What is the remainder when 5 is divided by a?
2
Suppose 246 = 4*d + 2*d. Calculate the remainder when d is divided by 14.
13
Suppose -2*o - 14 = -2*g, -g = 7*o - 2*o - 1. Suppose 3*m - 2*a - 25 = 0, -3*m + 47 = 4*a + 16. Calculate the remainder when m is divided by g.
3
Suppose 3 + 3 = 2*a. Suppose 2*y + j - 78 = -a*j, 4*j + 223 = 5*y. Let n(r) = -r**2 - 9*r - 5. What is the remainder when y is divided by n(-5)?
13
Suppose 2*c - 5*c = -168. What is the remainder when c is divided by 19?
18
Calculate the remainder when (-4)/(2 + 180/(-86)) is divided by 23.
20
Suppose -18 = -2*a - 5*j, -a - 27 = -4*a - 5*j. Let s = a - -2. What is the remainder when 20 is divided by s?
9
Suppose 2*c = 164 + 32. Calculate the remainder when c is divided by 25.
23
Suppose -2*m = -3*l - 227, l - 4 = -3. Suppose 0*y - 5*y = -m. Let b = -7 + y. Calculate the remainder when 31 is divided by b.
15
Let w(x) = -5*x + 8. Suppose 2*d - 30 = 5*m, -48 = -5*d - 3*m + 2*m. Calculate the remainder when w(-6) is divided by d.
8
Suppose -s + 0 = -3*n + 6, 3*s - 22 = -n. Let r(m) = -m**2 + 8*m - 9. Let p be r(s). Suppose 8*q - 100 = p*q. Calculate the remainder when q is divided by 7.
6
Calculate the remainder when 3 - ((-4)/2)/2 is divided by 3.
1
Suppose 15 = x + 2. Let l(t) = -t**2 - 6*t - 6. Let i be l(-3). Let s = i + x. What is the remainder when 47 is divided by s?
15
Suppose 0 = -2*b - d - 0*d + 39, -2*d + 60 = 3*b. Calculate the remainder when b is divided by 5.
3
Suppose -4*w + 20 = -3*p, 0*w - 3*p = 4*w + 4. Let o(s) = 2*s**3 - s**2 - s + 1. Calculate the remainder when 20 is divided by o(w).
9
Let p = 464 + -290. What is the remainder when p is divided by 22?
20
Suppose -2*s + f = -4*f - 73, 232 = 5*s + 4*f. Calculate the remainder when 85 is divided by s.
41
Let n(u) = u**2 - u + 3. What is the remainder when n(5) is divided by 9?
5
Let o(s) = -s**2 - 13*s - 5. Let z = 28 - 36. Calculate the remainder when o(z) is divided by 9.
8
Let s = -10 - -47. What is the remainder when s is divi